[INFO] cloning repository https://github.com/bjornarg/scaling-octo-computing-machine
[INFO] running `Command { std: "git" "-c" "credential.helper=" "-c" "credential.helper=/workspace/cargo-home/bin/git-credential-null" "clone" "--bare" "https://github.com/bjornarg/scaling-octo-computing-machine" "/workspace/cache/git-repos/https%3A%2F%2Fgithub.com%2Fbjornarg%2Fscaling-octo-computing-machine", kill_on_drop: false }`
[INFO] [stderr] Cloning into bare repository '/workspace/cache/git-repos/https%3A%2F%2Fgithub.com%2Fbjornarg%2Fscaling-octo-computing-machine'...
[INFO] running `Command { std: "git" "rev-parse" "HEAD", kill_on_drop: false }`
[INFO] [stdout] 0d22ac13a04451e82a134b40728d347519c4b0ca
[INFO] checking bjornarg/scaling-octo-computing-machine against master#af3c6e733a40e671550e0f0f5aeecaa13772ba56 for pr-74989
[INFO] running `Command { std: "git" "clone" "/workspace/cache/git-repos/https%3A%2F%2Fgithub.com%2Fbjornarg%2Fscaling-octo-computing-machine" "/workspace/builds/worker-0/source", kill_on_drop: false }`
[INFO] [stderr] Cloning into '/workspace/builds/worker-0/source'...
[INFO] [stderr] done.
[INFO] validating manifest of git repo https://github.com/bjornarg/scaling-octo-computing-machine on toolchain af3c6e733a40e671550e0f0f5aeecaa13772ba56
[INFO] running `Command { std: "/workspace/cargo-home/bin/cargo" "+af3c6e733a40e671550e0f0f5aeecaa13772ba56" "read-manifest" "--manifest-path" "Cargo.toml", kill_on_drop: false }`
[INFO] started tweaking git repo https://github.com/bjornarg/scaling-octo-computing-machine
[INFO] finished tweaking git repo https://github.com/bjornarg/scaling-octo-computing-machine
[INFO] tweaked toml for git repo https://github.com/bjornarg/scaling-octo-computing-machine written to /workspace/builds/worker-0/source/Cargo.toml
[INFO] crate git repo https://github.com/bjornarg/scaling-octo-computing-machine already has a lockfile, it will not be regenerated
[INFO] running `Command { std: "/workspace/cargo-home/bin/cargo" "+af3c6e733a40e671550e0f0f5aeecaa13772ba56" "fetch" "--locked" "--manifest-path" "Cargo.toml", kill_on_drop: false }`
[INFO] [stderr] error: the lock file /workspace/builds/worker-0/source/Cargo.lock needs to be updated but --locked was passed to prevent this
[INFO] [stderr] If you want to try to generate the lock file without accessing the network, use the --offline flag.
[INFO] the lockfile is outdated, regenerating it
[INFO] running `Command { std: "/workspace/cargo-home/bin/cargo" "+af3c6e733a40e671550e0f0f5aeecaa13772ba56" "generate-lockfile" "--manifest-path" "Cargo.toml" "-Zno-index-update", kill_on_drop: false }`
[INFO] [stderr]     Updating git repository `https://github.com/linuxfood/rustsqlite.git`
[INFO] running `Command { std: "/workspace/cargo-home/bin/cargo" "+af3c6e733a40e671550e0f0f5aeecaa13772ba56" "fetch" "--locked" "--manifest-path" "Cargo.toml", kill_on_drop: false }`
[INFO] [stderr]     Blocking waiting for file lock on package cache
[INFO] running `Command { std: "docker" "create" "-v" "/var/lib/crater-agent-workspace/builds/worker-0/target:/opt/rustwide/target:rw,Z" "-v" "/var/lib/crater-agent-workspace/builds/worker-0/source:/opt/rustwide/workdir:ro,Z" "-v" "/var/lib/crater-agent-workspace/cargo-home:/opt/rustwide/cargo-home:ro,Z" "-v" "/var/lib/crater-agent-workspace/rustup-home:/opt/rustwide/rustup-home:ro,Z" "-e" "SOURCE_DIR=/opt/rustwide/workdir" "-e" "CARGO_TARGET_DIR=/opt/rustwide/target" "-e" "CARGO_HOME=/opt/rustwide/cargo-home" "-e" "RUSTUP_HOME=/opt/rustwide/rustup-home" "-w" "/opt/rustwide/workdir" "-m" "1610612736" "--user" "0:0" "--network" "none" "rustops/crates-build-env@sha256:d92eaeed33fa75130ca1ee6c8a01d1ffb62bac859dfdfb3450e3e5d1c0146529" "/opt/rustwide/cargo-home/bin/cargo" "+af3c6e733a40e671550e0f0f5aeecaa13772ba56" "metadata" "--no-deps" "--format-version=1", kill_on_drop: false }`
[INFO] [stdout] e7fe84a676d70cf7caae4054eb17157cbd9d80e6112072760b62cd108064946e
[INFO] [stderr] WARNING: Your kernel does not support swap limit capabilities or the cgroup is not mounted. Memory limited without swap.
[INFO] running `Command { std: "docker" "start" "-a" "e7fe84a676d70cf7caae4054eb17157cbd9d80e6112072760b62cd108064946e", kill_on_drop: false }`
[INFO] running `Command { std: "docker" "inspect" "e7fe84a676d70cf7caae4054eb17157cbd9d80e6112072760b62cd108064946e", kill_on_drop: false }`
[INFO] running `Command { std: "docker" "rm" "-f" "e7fe84a676d70cf7caae4054eb17157cbd9d80e6112072760b62cd108064946e", kill_on_drop: false }`
[INFO] [stdout] e7fe84a676d70cf7caae4054eb17157cbd9d80e6112072760b62cd108064946e
[INFO] running `Command { std: "docker" "create" "-v" "/var/lib/crater-agent-workspace/builds/worker-0/target:/opt/rustwide/target:rw,Z" "-v" "/var/lib/crater-agent-workspace/builds/worker-0/source:/opt/rustwide/workdir:ro,Z" "-v" "/var/lib/crater-agent-workspace/cargo-home:/opt/rustwide/cargo-home:ro,Z" "-v" "/var/lib/crater-agent-workspace/rustup-home:/opt/rustwide/rustup-home:ro,Z" "-e" "SOURCE_DIR=/opt/rustwide/workdir" "-e" "CARGO_TARGET_DIR=/opt/rustwide/target" "-e" "CARGO_INCREMENTAL=0" "-e" "RUST_BACKTRACE=full" "-e" "RUSTFLAGS=--cap-lints=forbid" "-e" "CARGO_HOME=/opt/rustwide/cargo-home" "-e" "RUSTUP_HOME=/opt/rustwide/rustup-home" "-w" "/opt/rustwide/workdir" "-m" "1610612736" "--user" "0:0" "--network" "none" "rustops/crates-build-env@sha256:d92eaeed33fa75130ca1ee6c8a01d1ffb62bac859dfdfb3450e3e5d1c0146529" "/opt/rustwide/cargo-home/bin/cargo" "+af3c6e733a40e671550e0f0f5aeecaa13772ba56" "check" "--frozen" "--all" "--all-targets" "--message-format=json", kill_on_drop: false }`
[INFO] [stdout] 379c1468b8d5d7be1a29e4a5a001a7f2982718cde98a28ba6f1c7b0483b17b22
[INFO] [stderr] WARNING: Your kernel does not support swap limit capabilities or the cgroup is not mounted. Memory limited without swap.
[INFO] running `Command { std: "docker" "start" "-a" "379c1468b8d5d7be1a29e4a5a001a7f2982718cde98a28ba6f1c7b0483b17b22", kill_on_drop: false }`
[INFO] [stderr]     Blocking waiting for file lock on package cache
[INFO] [stderr]     Blocking waiting for file lock on package cache
[INFO] [stderr]    Compiling log v0.4.11
[INFO] [stderr]     Checking cfg-if v0.1.10
[INFO] [stderr]     Checking libc v0.1.12
[INFO] [stderr]     Checking log v0.3.9
[INFO] [stderr]     Checking sqlite3 v0.1.0 (https://github.com/linuxfood/rustsqlite.git#d586703e)
[INFO] [stderr]     Checking geneticrust v0.0.1 (/opt/rustwide/workdir)
[INFO] [stdout] error: invalid suffix `i` for integer literal
[INFO] [stdout]   --> src/main.rs:19:20
[INFO] [stdout]    |
[INFO] [stdout] 19 |     for i in range(0i, 1000000i) {
[INFO] [stdout]    |                    ^^ invalid suffix `i`
[INFO] [stdout]    |
[INFO] [stdout]    = help: the suffix must be one of the integral types (`u32`, `isize`, etc)
[INFO] [stdout] 
[INFO] [stdout] 
[INFO] [stdout] error: invalid suffix `i` for integer literal
[INFO] [stdout]   --> src/main.rs:19:24
[INFO] [stdout]    |
[INFO] [stdout] 19 |     for i in range(0i, 1000000i) {
[INFO] [stdout]    |                        ^^^^^^^^ invalid suffix `i`
[INFO] [stdout]    |
[INFO] [stdout]    = help: the suffix must be one of the integral types (`u32`, `isize`, etc)
[INFO] [stdout] 
[INFO] [stdout] 
[INFO] [stdout] error: expected one of `!`, `(`, `+`, `::`, `;`, `<`, or `]`, found `,`
[INFO] [stdout]  --> src/dna.rs:9:14
[INFO] [stdout]   |
[INFO] [stdout] 9 |     dna: [f64, ..4],
[INFO] [stdout]   |              ^ expected one of 7 possible tokens
[INFO] [stdout] 
[INFO] [stdout] 
[INFO] [stdout] error: invalid suffix `u` for integer literal
[INFO] [stdout]  --> src/genetic.rs:6:32
[INFO] [stdout]   |
[INFO] [stdout] 6 | static POPULATION_SIZE: uint = 20u;
[INFO] [stdout]   |                                ^^^ invalid suffix `u`
[INFO] [stdout]   |
[INFO] [stdout]   = help: the suffix must be one of the integral types (`u32`, `isize`, etc)
[INFO] [stdout] 
[INFO] [stdout] 
[INFO] [stdout] error: invalid suffix `i` for integer literal
[INFO] [stdout]   --> src/main.rs:19:20
[INFO] [stdout]    |
[INFO] [stdout] 19 |     for i in range(0i, 1000000i) {
[INFO] [stdout]    |                    ^^ invalid suffix `i`
[INFO] [stdout]    |
[INFO] [stdout]    = help: the suffix must be one of the integral types (`u32`, `isize`, etc)
[INFO] [stdout] 
[INFO] [stdout] 
[INFO] [stdout] error: invalid suffix `i` for integer literal
[INFO] [stdout]   --> src/main.rs:19:24
[INFO] [stdout]    |
[INFO] [stdout] 19 |     for i in range(0i, 1000000i) {
[INFO] [stdout]    |                        ^^^^^^^^ invalid suffix `i`
[INFO] [stdout]    |
[INFO] [stdout]    = help: the suffix must be one of the integral types (`u32`, `isize`, etc)
[INFO] [stdout] 
[INFO] [stdout] 
[INFO] [stdout] error: expected one of `!`, `(`, `+`, `::`, `;`, `<`, or `]`, found `,`
[INFO] [stdout]  --> src/dna.rs:9:14
[INFO] [stdout]   |
[INFO] [stdout] 9 |     dna: [f64, ..4],
[INFO] [stdout]   |              ^ expected one of 7 possible tokens
[INFO] [stdout] 
[INFO] [stdout] 
[INFO] [stdout] error: invalid suffix `u` for integer literal
[INFO] [stdout]  --> src/genetic.rs:6:32
[INFO] [stdout]   |
[INFO] [stdout] 6 | static POPULATION_SIZE: uint = 20u;
[INFO] [stdout]   |                                ^^^ invalid suffix `u`
[INFO] [stdout]   |
[INFO] [stdout]   = help: the suffix must be one of the integral types (`u32`, `isize`, etc)
[INFO] [stdout] 
[INFO] [stdout] 
[INFO] [stdout] error[E0432]: unresolved import `std::rand`
[INFO] [stdout]  --> src/dna.rs:1:10
[INFO] [stdout]   |
[INFO] [stdout] 1 | use std::rand::{task_rng, Rng};
[INFO] [stdout]   |          ^^^^ could not find `rand` in `std`
[INFO] [stdout] 
[INFO] [stdout] 
[INFO] [stdout] error[E0432]: unresolved import `std::rand`
[INFO] [stdout]  --> src/genetic.rs:1:10
[INFO] [stdout]   |
[INFO] [stdout] 1 | use std::rand::{task_rng, Rng};
[INFO] [stdout]   |          ^^^^ could not find `rand` in `std`
[INFO] [stdout] 
[INFO] [stdout] 
[INFO] [stdout] error[E0425]: cannot find function `range` in this scope
[INFO] [stdout]   --> src/dna.rs:18:18
[INFO] [stdout]    |
[INFO] [stdout] 18 |         for i in range(0, self.dna.len()) {
[INFO] [stdout]    |                  ^^^^^ not found in this scope
[INFO] [stdout] 
[INFO] [stdout] 
[INFO] [stdout] error[E0425]: cannot find function `range` in this scope
[INFO] [stdout]   --> src/dna.rs:40:18
[INFO] [stdout]    |
[INFO] [stdout] 40 |         for i in range(0, self.dna.len()) {
[INFO] [stdout]    |                  ^^^^^ not found in this scope
[INFO] [stdout] 
[INFO] [stdout] 
[INFO] [stdout] error[E0405]: cannot find trait `Show` in module `fmt`
[INFO] [stdout]   --> src/dna.rs:74:11
[INFO] [stdout]    |
[INFO] [stdout] 74 | impl fmt::Show for DNA {
[INFO] [stdout]    |           ^^^^ not found in `fmt`
[INFO] [stdout] 
[INFO] [stdout] 
[INFO] [stdout] error[E0412]: cannot find type `int` in this scope
[INFO] [stdout]  --> src/log.rs:6:15
[INFO] [stdout]   |
[INFO] [stdout] 6 |     pub rssi: int,
[INFO] [stdout]   |               ^^^ not found in this scope
[INFO] [stdout] 
[INFO] [stdout] 
[INFO] [stdout] error[E0412]: cannot find type `int` in this scope
[INFO] [stdout]  --> src/log.rs:7:19
[INFO] [stdout]   |
[INFO] [stdout] 7 |     pub tx_power: int,
[INFO] [stdout]   |                   ^^^ not found in this scope
[INFO] [stdout] 
[INFO] [stdout] 
[INFO] [stdout] error[E0412]: cannot find type `uint` in this scope
[INFO] [stdout]  --> src/genetic.rs:6:25
[INFO] [stdout]   |
[INFO] [stdout] 6 | static POPULATION_SIZE: uint = 20u;
[INFO] [stdout]   |                         ^^^^ not found in this scope
[INFO] [stdout] 
[INFO] [stdout] 
[INFO] [stdout] error[E0412]: cannot find type `uint` in this scope
[INFO] [stdout]   --> src/genetic.rs:11:15
[INFO] [stdout]    |
[INFO] [stdout] 11 |     position: uint,
[INFO] [stdout]    |               ^^^^ not found in this scope
[INFO] [stdout] 
[INFO] [stdout] 
[INFO] [stdout] error[E0412]: cannot find type `Ordering` in this scope
[INFO] [stdout]   --> src/genetic.rs:25:39
[INFO] [stdout]    |
[INFO] [stdout] 25 |     fn cmp(&self, other: &DNAPair) -> Ordering {
[INFO] [stdout]    |                                       ^^^^^^^^ not found in this scope
[INFO] [stdout]    |
[INFO] [stdout] help: consider importing one of these items
[INFO] [stdout]    |
[INFO] [stdout] 1  | use std::cmp::Ordering;
[INFO] [stdout]    |
[INFO] [stdout] 1  | use std::sync::atomic::Ordering;
[INFO] [stdout]    |
[INFO] [stdout] 
[INFO] [stdout] 
[INFO] [stdout] error[E0425]: cannot find value `Less` in this scope
[INFO] [stdout]   --> src/genetic.rs:27:20
[INFO] [stdout]    |
[INFO] [stdout] 27 |             return Less;
[INFO] [stdout]    |                    ^^^^ not found in this scope
[INFO] [stdout]    |
[INFO] [stdout] help: consider importing this unit variant
[INFO] [stdout]    |
[INFO] [stdout] 1  | use std::cmp::Ordering::Less;
[INFO] [stdout]    |
[INFO] [stdout] 
[INFO] [stdout] 
[INFO] [stdout] error[E0425]: cannot find value `Greater` in this scope
[INFO] [stdout]   --> src/genetic.rs:29:20
[INFO] [stdout]    |
[INFO] [stdout] 29 |             return Greater;
[INFO] [stdout]    |                    ^^^^^^^ not found in this scope
[INFO] [stdout]    |
[INFO] [stdout] help: consider importing this unit variant
[INFO] [stdout]    |
[INFO] [stdout] 1  | use std::cmp::Ordering::Greater;
[INFO] [stdout]    |
[INFO] [stdout] 
[INFO] [stdout] 
[INFO] [stdout] error[E0425]: cannot find value `Equal` in this scope
[INFO] [stdout]   --> src/genetic.rs:31:9
[INFO] [stdout]    |
[INFO] [stdout] 31 |         Equal
[INFO] [stdout]    |         ^^^^^ not found in this scope
[INFO] [stdout]    |
[INFO] [stdout] help: consider importing this unit variant
[INFO] [stdout]    |
[INFO] [stdout] 1  | use std::cmp::Ordering::Equal;
[INFO] [stdout]    |
[INFO] [stdout] 
[INFO] [stdout] 
[INFO] [stdout] error[E0412]: cannot find type `Ordering` in this scope
[INFO] [stdout]   --> src/genetic.rs:36:54
[INFO] [stdout]    |
[INFO] [stdout] 36 |     fn partial_cmp(&self, other: &DNAPair) -> Option<Ordering> {
[INFO] [stdout]    |                                                      ^^^^^^^^ not found in this scope
[INFO] [stdout]    |
[INFO] [stdout] help: consider importing one of these items
[INFO] [stdout]    |
[INFO] [stdout] 1  | use std::cmp::Ordering;
[INFO] [stdout]    |
[INFO] [stdout] 1  | use std::sync::atomic::Ordering;
[INFO] [stdout]    |
[INFO] [stdout] 
[INFO] [stdout] 
[INFO] [stdout] error[E0425]: cannot find value `Less` in this scope
[INFO] [stdout]   --> src/genetic.rs:38:25
[INFO] [stdout]    |
[INFO] [stdout] 38 |             return Some(Less);
[INFO] [stdout]    |                         ^^^^ not found in this scope
[INFO] [stdout]    |
[INFO] [stdout] help: consider importing this unit variant
[INFO] [stdout]    |
[INFO] [stdout] 1  | use std::cmp::Ordering::Less;
[INFO] [stdout]    |
[INFO] [stdout] 
[INFO] [stdout] 
[INFO] [stdout] error[E0425]: cannot find value `Greater` in this scope
[INFO] [stdout]   --> src/genetic.rs:40:25
[INFO] [stdout]    |
[INFO] [stdout] 40 |             return Some(Greater);
[INFO] [stdout]    |                         ^^^^^^^ not found in this scope
[INFO] [stdout]    |
[INFO] [stdout] help: consider importing this unit variant
[INFO] [stdout]    |
[INFO] [stdout] 1  | use std::cmp::Ordering::Greater;
[INFO] [stdout]    |
[INFO] [stdout] 
[INFO] [stdout] 
[INFO] [stdout] error[E0425]: cannot find value `Equal` in this scope
[INFO] [stdout]   --> src/genetic.rs:42:14
[INFO] [stdout]    |
[INFO] [stdout] 42 |         Some(Equal)
[INFO] [stdout]    |              ^^^^^ not found in this scope
[INFO] [stdout]    |
[INFO] [stdout] help: consider importing this unit variant
[INFO] [stdout]    |
[INFO] [stdout] 1  | use std::cmp::Ordering::Equal;
[INFO] [stdout]    |
[INFO] [stdout] 
[INFO] [stdout] 
[INFO] [stdout] error[E0425]: cannot find function `range` in this scope
[INFO] [stdout]   --> src/genetic.rs:64:14
[INFO] [stdout]    |
[INFO] [stdout] 64 |     for i in range(0, population.len()) {
[INFO] [stdout]    |              ^^^^^ not found in this scope
[INFO] [stdout] 
[INFO] [stdout] 
[INFO] [stdout] error[E0425]: cannot find function `range` in this scope
[INFO] [stdout]   --> src/genetic.rs:75:14
[INFO] [stdout]    |
[INFO] [stdout] 75 |     for _ in range(0, POPULATION_SIZE-1) {
[INFO] [stdout]    |              ^^^^^ not found in this scope
[INFO] [stdout] 
[INFO] [stdout] 
[INFO] [stdout] error[E0412]: cannot find type `uint` in this scope
[INFO] [stdout]   --> src/genetic.rs:85:53
[INFO] [stdout]    |
[INFO] [stdout] 85 | fn get_parent(fitness_evaluation: &Vec<DNAPair>) -> uint {
[INFO] [stdout]    |                                                     ^^^^ not found in this scope
[INFO] [stdout] 
[INFO] [stdout] 
[INFO] [stdout] error[E0425]: cannot find function `range` in this scope
[INFO] [stdout]   --> src/main.rs:19:14
[INFO] [stdout]    |
[INFO] [stdout] 19 |     for i in range(0i, 1000000i) {
[INFO] [stdout]    |              ^^^^^ not found in this scope
[INFO] [stdout] 
[INFO] [stdout] 
[INFO] [stdout] warning: unused import: `sqlite3::types::*`
[INFO] [stdout]  --> src/log.rs:3:5
[INFO] [stdout]   |
[INFO] [stdout] 3 | use sqlite3::types::*;
[INFO] [stdout]   |     ^^^^^^^^^^^^^^^^^
[INFO] [stdout]   |
[INFO] [stdout]   = note: `#[warn(unused_imports)]` on by default
[INFO] [stdout] 
[INFO] [stdout] 
[INFO] [stdout] error: aborting due to 25 previous errors; 1 warning emitted
[INFO] [stdout] 
[INFO] [stdout] 
[INFO] [stdout] Some errors have detailed explanations: E0405, E0412, E0425, E0432.
[INFO] [stdout] 
[INFO] [stdout] For more information about an error, try `rustc --explain E0405`.
[INFO] [stdout] 
[INFO] [stderr] error: could not compile `geneticrust`.
[INFO] [stderr] 
[INFO] [stderr] To learn more, run the command again with --verbose.
[INFO] [stderr] warning: build failed, waiting for other jobs to finish...
[INFO] [stdout] error[E0432]: unresolved import `std::rand`
[INFO] [stdout]  --> src/dna.rs:1:10
[INFO] [stdout]   |
[INFO] [stdout] 1 | use std::rand::{task_rng, Rng};
[INFO] [stdout]   |          ^^^^ could not find `rand` in `std`
[INFO] [stdout] 
[INFO] [stdout] 
[INFO] [stdout] error[E0432]: unresolved import `std::rand`
[INFO] [stdout]  --> src/genetic.rs:1:10
[INFO] [stdout]   |
[INFO] [stdout] 1 | use std::rand::{task_rng, Rng};
[INFO] [stdout]   |          ^^^^ could not find `rand` in `std`
[INFO] [stdout] 
[INFO] [stdout] 
[INFO] [stdout] error[E0425]: cannot find function `range` in this scope
[INFO] [stdout]   --> src/dna.rs:18:18
[INFO] [stdout]    |
[INFO] [stdout] 18 |         for i in range(0, self.dna.len()) {
[INFO] [stdout]    |                  ^^^^^ not found in this scope
[INFO] [stdout] 
[INFO] [stdout] 
[INFO] [stdout] error[E0425]: cannot find function `range` in this scope
[INFO] [stdout]   --> src/dna.rs:40:18
[INFO] [stdout]    |
[INFO] [stdout] 40 |         for i in range(0, self.dna.len()) {
[INFO] [stdout]    |                  ^^^^^ not found in this scope
[INFO] [stdout] 
[INFO] [stdout] 
[INFO] [stdout] error[E0405]: cannot find trait `Show` in module `fmt`
[INFO] [stdout]   --> src/dna.rs:74:11
[INFO] [stdout]    |
[INFO] [stdout] 74 | impl fmt::Show for DNA {
[INFO] [stdout]    |           ^^^^ not found in `fmt`
[INFO] [stdout] 
[INFO] [stdout] 
[INFO] [stdout] error[E0412]: cannot find type `int` in this scope
[INFO] [stdout]  --> src/log.rs:6:15
[INFO] [stdout]   |
[INFO] [stdout] 6 |     pub rssi: int,
[INFO] [stdout]   |               ^^^ not found in this scope
[INFO] [stdout] 
[INFO] [stdout] 
[INFO] [stdout] error[E0412]: cannot find type `int` in this scope
[INFO] [stdout]  --> src/log.rs:7:19
[INFO] [stdout]   |
[INFO] [stdout] 7 |     pub tx_power: int,
[INFO] [stdout]   |                   ^^^ not found in this scope
[INFO] [stdout] 
[INFO] [stdout] 
[INFO] [stdout] error[E0412]: cannot find type `uint` in this scope
[INFO] [stdout]  --> src/genetic.rs:6:25
[INFO] [stdout]   |
[INFO] [stdout] 6 | static POPULATION_SIZE: uint = 20u;
[INFO] [stdout]   |                         ^^^^ not found in this scope
[INFO] [stdout] 
[INFO] [stdout] 
[INFO] [stdout] error[E0412]: cannot find type `uint` in this scope
[INFO] [stdout]   --> src/genetic.rs:11:15
[INFO] [stdout]    |
[INFO] [stdout] 11 |     position: uint,
[INFO] [stdout]    |               ^^^^ not found in this scope
[INFO] [stdout] 
[INFO] [stdout] 
[INFO] [stdout] error[E0412]: cannot find type `Ordering` in this scope
[INFO] [stdout]   --> src/genetic.rs:25:39
[INFO] [stdout]    |
[INFO] [stdout] 25 |     fn cmp(&self, other: &DNAPair) -> Ordering {
[INFO] [stdout]    |                                       ^^^^^^^^ not found in this scope
[INFO] [stdout]    |
[INFO] [stdout] help: consider importing one of these items
[INFO] [stdout]    |
[INFO] [stdout] 1  | use std::cmp::Ordering;
[INFO] [stdout]    |
[INFO] [stdout] 1  | use std::sync::atomic::Ordering;
[INFO] [stdout]    |
[INFO] [stdout] 
[INFO] [stdout] 
[INFO] [stdout] error[E0425]: cannot find value `Less` in this scope
[INFO] [stdout]   --> src/genetic.rs:27:20
[INFO] [stdout]    |
[INFO] [stdout] 27 |             return Less;
[INFO] [stdout]    |                    ^^^^ not found in this scope
[INFO] [stdout]    |
[INFO] [stdout] help: consider importing this unit variant
[INFO] [stdout]    |
[INFO] [stdout] 1  | use std::cmp::Ordering::Less;
[INFO] [stdout]    |
[INFO] [stdout] 
[INFO] [stdout] 
[INFO] [stdout] error[E0425]: cannot find value `Greater` in this scope
[INFO] [stdout]   --> src/genetic.rs:29:20
[INFO] [stdout]    |
[INFO] [stdout] 29 |             return Greater;
[INFO] [stdout]    |                    ^^^^^^^ not found in this scope
[INFO] [stdout]    |
[INFO] [stdout] help: consider importing this unit variant
[INFO] [stdout]    |
[INFO] [stdout] 1  | use std::cmp::Ordering::Greater;
[INFO] [stdout]    |
[INFO] [stdout] 
[INFO] [stdout] 
[INFO] [stdout] error[E0425]: cannot find value `Equal` in this scope
[INFO] [stdout]   --> src/genetic.rs:31:9
[INFO] [stdout]    |
[INFO] [stdout] 31 |         Equal
[INFO] [stdout]    |         ^^^^^ not found in this scope
[INFO] [stdout]    |
[INFO] [stdout] help: consider importing this unit variant
[INFO] [stdout]    |
[INFO] [stdout] 1  | use std::cmp::Ordering::Equal;
[INFO] [stdout]    |
[INFO] [stdout] 
[INFO] [stdout] 
[INFO] [stdout] error[E0412]: cannot find type `Ordering` in this scope
[INFO] [stdout]   --> src/genetic.rs:36:54
[INFO] [stdout]    |
[INFO] [stdout] 36 |     fn partial_cmp(&self, other: &DNAPair) -> Option<Ordering> {
[INFO] [stdout]    |                                                      ^^^^^^^^ not found in this scope
[INFO] [stdout]    |
[INFO] [stdout] help: consider importing one of these items
[INFO] [stdout]    |
[INFO] [stdout] 1  | use std::cmp::Ordering;
[INFO] [stdout]    |
[INFO] [stdout] 1  | use std::sync::atomic::Ordering;
[INFO] [stdout]    |
[INFO] [stdout] 
[INFO] [stdout] 
[INFO] [stdout] error[E0425]: cannot find value `Less` in this scope
[INFO] [stdout]   --> src/genetic.rs:38:25
[INFO] [stdout]    |
[INFO] [stdout] 38 |             return Some(Less);
[INFO] [stdout]    |                         ^^^^ not found in this scope
[INFO] [stdout]    |
[INFO] [stdout] help: consider importing this unit variant
[INFO] [stdout]    |
[INFO] [stdout] 1  | use std::cmp::Ordering::Less;
[INFO] [stdout]    |
[INFO] [stdout] 
[INFO] [stdout] 
[INFO] [stdout] error[E0425]: cannot find value `Greater` in this scope
[INFO] [stdout]   --> src/genetic.rs:40:25
[INFO] [stdout]    |
[INFO] [stdout] 40 |             return Some(Greater);
[INFO] [stdout]    |                         ^^^^^^^ not found in this scope
[INFO] [stdout]    |
[INFO] [stdout] help: consider importing this unit variant
[INFO] [stdout]    |
[INFO] [stdout] 1  | use std::cmp::Ordering::Greater;
[INFO] [stdout]    |
[INFO] [stdout] 
[INFO] [stdout] 
[INFO] [stdout] error[E0425]: cannot find value `Equal` in this scope
[INFO] [stdout]   --> src/genetic.rs:42:14
[INFO] [stdout]    |
[INFO] [stdout] 42 |         Some(Equal)
[INFO] [stdout]    |              ^^^^^ not found in this scope
[INFO] [stdout]    |
[INFO] [stdout] help: consider importing this unit variant
[INFO] [stdout]    |
[INFO] [stdout] 1  | use std::cmp::Ordering::Equal;
[INFO] [stdout]    |
[INFO] [stdout] 
[INFO] [stdout] 
[INFO] [stdout] error[E0425]: cannot find function `range` in this scope
[INFO] [stdout]   --> src/genetic.rs:64:14
[INFO] [stdout]    |
[INFO] [stdout] 64 |     for i in range(0, population.len()) {
[INFO] [stdout]    |              ^^^^^ not found in this scope
[INFO] [stdout] 
[INFO] [stdout] 
[INFO] [stdout] error[E0425]: cannot find function `range` in this scope
[INFO] [stdout]   --> src/genetic.rs:75:14
[INFO] [stdout]    |
[INFO] [stdout] 75 |     for _ in range(0, POPULATION_SIZE-1) {
[INFO] [stdout]    |              ^^^^^ not found in this scope
[INFO] [stdout] 
[INFO] [stdout] 
[INFO] [stdout] error[E0412]: cannot find type `uint` in this scope
[INFO] [stdout]   --> src/genetic.rs:85:53
[INFO] [stdout]    |
[INFO] [stdout] 85 | fn get_parent(fitness_evaluation: &Vec<DNAPair>) -> uint {
[INFO] [stdout]    |                                                     ^^^^ not found in this scope
[INFO] [stdout] 
[INFO] [stdout] 
[INFO] [stdout] error[E0425]: cannot find function `range` in this scope
[INFO] [stdout]   --> src/main.rs:19:14
[INFO] [stdout]    |
[INFO] [stdout] 19 |     for i in range(0i, 1000000i) {
[INFO] [stdout]    |              ^^^^^ not found in this scope
[INFO] [stdout] 
[INFO] [stdout] 
[INFO] [stderr] error: build failed
[INFO] [stdout] warning: unused import: `sqlite3::types::*`
[INFO] [stdout]  --> src/log.rs:3:5
[INFO] [stdout]   |
[INFO] [stdout] 3 | use sqlite3::types::*;
[INFO] [stdout]   |     ^^^^^^^^^^^^^^^^^
[INFO] [stdout]   |
[INFO] [stdout]   = note: `#[warn(unused_imports)]` on by default
[INFO] [stdout] 
[INFO] [stdout] 
[INFO] [stdout] error: aborting due to 25 previous errors; 1 warning emitted
[INFO] [stdout] 
[INFO] [stdout] 
[INFO] [stdout] Some errors have detailed explanations: E0405, E0412, E0425, E0432.
[INFO] [stdout] 
[INFO] [stdout] For more information about an error, try `rustc --explain E0405`.
[INFO] [stdout] 
[INFO] running `Command { std: "docker" "inspect" "379c1468b8d5d7be1a29e4a5a001a7f2982718cde98a28ba6f1c7b0483b17b22", kill_on_drop: false }`
[INFO] running `Command { std: "docker" "rm" "-f" "379c1468b8d5d7be1a29e4a5a001a7f2982718cde98a28ba6f1c7b0483b17b22", kill_on_drop: false }`
[INFO] [stdout] 379c1468b8d5d7be1a29e4a5a001a7f2982718cde98a28ba6f1c7b0483b17b22
